 + 2*o. Suppose 0*c - 3 = -l*c. Calculate the highest common factor of 2 and c.
1
Suppose -10*y + 20 = -5*y. What is the highest common divisor of y and 6?
2
Let q = -5 + 13. Calculate the greatest common factor of q and 2.
2
Let p = -28 - -45. Suppose 4*m - 28 - 25 = -3*w, 2*m - 9 = -5*w. What is the greatest common factor of m and p?
17
Let q = -249 + 351. What is the greatest common factor of 68 and q?
34
Let y(m) = m - 3. Let a be y(3). Suppose -5*c + 204 = -n + 64, -4*c + n + 112 = 0. Suppose -c + a = -4*t. Calculate the highest common factor of 63 and t.
7
Suppose -92 - 238 = -11*v. What is the highest common divisor of v and 12?
6
Let t be 22/(-6)*1*(-5 + -22). Calculate the greatest common divisor of 9 and t.
9
Let q = 1099 - 581. Suppose 0 = 5*l + 3*h - 2550, -l = -0*h - h - q. Suppose l = -0*b + 3*b. Calculate the greatest common factor of 19 and b.
19
Suppose 5 - 23 = -6*u. Suppose -5*r + 5*w + 294 + 11 = 0, 51 = r - u*w. What is the highest common divisor of r and 44?
22
Suppose 2 = -t + 39. Let y = 15 + t. Suppose -5*s - 10 = 0, y = 3*b - 3*s - 2*s. What is the highest common divisor of b and 112?
14
Let r(p) = 25*p + 2. Let d be r(3). Let b = d + -44. Suppose 4*f - 82 = 2*q + q, 0 = -f + 4*q + 14. What is the greatest common divisor of b and f?
11
Suppose -z - 13 + 48 = 0. Let x = z + -23. Let t = -25 - -43. Calculate the highest common factor of t and x.
6
Suppose 26 + 16 = 7*f. Calculate the highest common divisor of f and 6.
6
Let m(q) = q - 2. Let i be m(4). Suppose -i*l = -89 + 25. Calculate the greatest common factor of l and 4.
4
Suppose 20*j + 1195 = 6235. What is the highest common factor of j and 28?
28
Let l = -10 - -7. Let a be l/(-1 + -2) - 9. Let f = 11 + a. What is the greatest common factor of 3 and f?
3
Let j be 3 - (0/(-3) + 1). Suppose 4*r - j = -0*g + 2*g, 20 = 5*r. Calculate the greatest common divisor of 7 and g.
7
Let f be 6/8*(-1 + 25). Calculate the greatest common factor of f and 18.
18
Let h be 78/(-9)*3*-1. Calculate the greatest common divisor of 39 and h.
13
Let a be -8*(-3)/18*(34 + 2). Let h = 22 - 6. Calculate the greatest common divisor of h and a.
16
Suppose -5*h + 40 = -5*z, -6*h + 4*h + 4*z + 20 = 0. Suppose -8*d - 32 = -4*d. Let v be d/(-3) + (-4)/6. Calculate the greatest common divisor of v and h.
2
Suppose 2*s + 52 = 5*q, -4*q + 0*q + s + 41 = 0. Calculate the greatest common factor of 20 and q.
10
Let o(x) = 2*x**2 - 25*x - 9. Let l be o(14). Let z(p) = p**2 - 6*p + 3. Let a = -6 - -12. Let g be z(a). Calculate the highest common divisor of g and l.
3
Suppose -3*i = -0*i - 21. Suppose a + 35 = 3*p - 67, -2*p + 82 = 4*a. Calculate the highest common factor of i and p.
7
Let t(z) = -z**2 - 15*z + 10. Let r be t(-11). What is the greatest common factor of 6 and r?
6
Suppose 5*a - 5*z = 285, a - 4*z + 7*z = 57. What is the greatest common divisor of a and 38?
19
Suppose -49 = -4*n + 83. What is the highest common factor of n and 3?
3
Suppose -3*f - 3*v = -27, 4*f - 14 = -3*v + 23. Suppose 4*r - 2 = -5*a, 5*a - 6*a - 4*r = 6. What is the greatest common factor of f and a?
2
Let w = -3 - -1. Let y be w/2 + (4 - -63). What is the greatest common factor of y and 6?
6
Suppose -4*r + 51 = a, r - 63 = -4*r - 2*a. What is the greatest common factor of 143 and r?
13
Suppose -5*o - 4 = -19. What is the highest common divisor of o and 9?
3
Let n(l) = l + 19. Let u be n(-7). What is the highest common divisor of 84 and u?
12
Let m = 43 - -17. What is the highest common factor of 40 and m?
20
Suppose 2*a = 9 - 3. Suppose i + l - 2*l = -a, 5*i - 21 = -4*l. Calculate the highest common factor of i and 4.
1
Let t be ((-294)/12)/(2/(-4)). Suppose -t = -5*s + 11. Calculate the highest common divisor of s and 6.
6
Suppose 27 = 3*k - c, c + 1 = k - 2*c. What is the highest common divisor of 50 and k?
10
Suppose -20 = -2*b - 2*t, 0*b - 5*t + 44 = 4*b. Calculate the greatest common divisor of 42 and b.
6
Let h be (-2)/10 - (-2752)/160. What is the highest common divisor of 85 and h?
17
Let w = -38 - -62. Let y(d) = 2*d**2 - 3*d - 4. Let u be y(4). Let b be 52/u + (-1)/4. What is the greatest common factor of w and b?
3
Let m = 5 - -23. Let g = 16 + -9. What is the greatest common factor of m and g?
7
Let a = 6 + -3. Suppose -a*z - l + 71 = -0*z, -z = -l - 17. Suppose 0 = -3*n - z + 286. What is the highest common divisor of n and 8?
8
Let l be -6 + 3 - (0 - 1). Let t(z) = -3*z**2 - 3 - 3*z**3 + 3 - 2*z. Let g be t(l). What is the highest common factor of g and 2?
2
Let l be (-2)/(-4)*80/4. What is the highest common factor of l and 1?
1
Suppose 2*a = -0*a + 210. What is the greatest common divisor of 21 and a?
21
Suppose 3*c - 248 + 86 = 0. Calculate the highest common divisor of c and 81.
27
Suppose -6*r + 3*r + 108 = 0. Calculate the highest common divisor of 12 and r.
12
Suppose 3*b = 14 + 4. Suppose -b*l + 22 = -4*l. Calculate the highest common divisor of l and 55.
11
Let w(m) = 7*m - 5. Let o be w(4). Let u(y) = -7 + 16*y**3 + 8*y - 3*y - 15*y**3 - 6*y**2. Let k be u(6). Calculate the greatest common factor of k and o.
23
Suppose 11*z - 26 = 18. What is the greatest common factor of 16 and z?
4
Suppose -q + 0*q = -5. Let o(z) = -z + 9. Let k be o(4). What is the greatest common factor of k and q?
5
Suppose -24 - 9 = -3*f. What is the greatest common divisor of 1 and f?
1
Let x be (-33)/9*3*6. Let a = 4 - x. Calculate the highest common divisor of a and 10.
10
Let a(n) = -n**2 - 11*n + 12. Let y be a(-12). Suppose 4*m - m - 18 = y. What is the greatest common factor of m and 42?
6
Let g be ((-147)/(-14))/((-5)/(-7 + -3)). Let k = 7 + 182. What is the greatest common factor of g and k?
21
Let v(d) = 2*d**2 + 12*d + 10. Let i(n) = -9*n + 1. Let y be i(1). Let w be v(y). What is the greatest common factor of w and 6?
6
Let i(k) = 2*k**3 + k**2 - 4*k + 1. Let c(y) = 2*y**3 + y**2 - 3*y + 2. Let x(l) = 3*c(l) - 2*i(l). Let v be x(3). What is the highest common factor of 8 and v?
8
Suppose c - 8 = -x, x - 15 = -4*x. Let s be (-6 + c)*(0 - 5). What is the greatest common divisor of s and 55?
5
Let b = -25 - -30. What is the greatest common divisor of b and 20?
5
Suppose 30 = -r - 2*r. Let p be (8/r)/(12/(-30)). Calculate the highest common factor of 14 and p.
2
Let z(h) = h**3 - h. Let w be z(-1). Suppose -v + 6 + 33 = w. Suppose 0 = 5*k + 3*i - v, -6*i = 4*k - 2*i - 36. What is the highest common factor of 6 and k?
6
Let i(w) be the first derivative of w**4/4 - 4*w**3/3 + w**2 - 2*w + 3. Let d be 3 + 4 - 0 - 3. Let c be i(d). Calculate the highest common factor of c and 6.
6
Suppose -3*j = -0*j - 180. Calculate the greatest common factor of j and 24.
12
Let u be (-20)/(-3)*9/2. Let x = u - -10. Let p = -4 + 9. What is the greatest common factor of x and p?
5
Let v = 8 + -1. Let s = 55 - 48. What is the highest common factor of s and v?
7
Suppose 32 = -4*n + 128. What is the highest common factor of 72 and n?
24
Let l be (3/(-2))/(6/488). Let j = 207 + l. Let i = -57 + j. Calculate the highest common divisor of 7 and i.
7
Suppose -6 = -3*h - 0*h. Suppose -8 = -2*z, 5*u + h*z = z + 34. What is the greatest common factor of u and 4?
2
Let g = -11 + 22. Suppose y = -2*j + 7*j - 1, 4*y - 11 = 5*j. What is the highest common factor of g and j?
1
Let h be (-351)/(-15) + (-4)/10. Suppose 4*s - 3*s - 3 = 2*k, -5*k = s - 3. Suppose -1 = -s*a + h. What is the greatest common divisor of 2 and a?
2
Let r be (0 - -2) + (1 - 1). Suppose -w = w + 18. Let i be r/3*w/(-2). Calculate the highest common factor of 2 and i.
1
Let s = -30 - -46. Suppose 0*v = -2*t - 2*v - 16, 2*v = 3*t - 1. Let j(p) = -p**2 - 3*p + 4. Let y be j(t). What is the greatest common divisor of y and s?
4
Let t = 24 - 16. What is the highest common divisor of 72 and t?
8
Let l = 27 - 15. Suppose x - 8 = -x. Calculate the greatest common factor of l and x.
4
Suppose 3*o = -3*p + 9, 0 = 4*o + 3*p - 10 - 1. Suppose -4*l + 8 + 42 = -o*r, -3*r = 3*l - 33. Calculate the greatest common divisor of l and 12.
12
Let b = -68 - -85. Calculate the greatest common factor of 51 and b.
17
Let n(r) be the first derivative of r**2/2 + 12*r + 3. Let q be n(-10). Let w be 75*((-4)/(-5))/q. What is the greatest common factor of w and 6?
6
Let v be 4/8*(-5 + 91). Calculate the